{"id":3744,"date":"2026-03-24T11:19:26","date_gmt":"2026-03-24T11:19:26","guid":{"rendered":"https:\/\/proyecto115.adgencypixel.com\/?page_id=3744"},"modified":"2026-04-07T07:36:47","modified_gmt":"2026-04-07T07:36:47","slug":"transparencia","status":"publish","type":"page","link":"https:\/\/proyecto115.adgencypixel.com\/index.php\/transparencia\/","title":{"rendered":"Transparencia"},"content":{"rendered":"\t\t<div data-elementor-type=\"wp-page\" data-elementor-id=\"3744\" class=\"elementor elementor-3744\" data-elementor-post-type=\"page\">\n\t\t\t\t<div class=\"elementor-element elementor-element-ddfdf2d e-flex e-con-boxed lakit-col-width-auto-no e-container e-root-container elementor-top-section e-con e-parent\" data-id=\"ddfdf2d\" data-element_type=\"container\" data-e-type=\"container\" data-settings=\"{&quot;background_background&quot;:&quot;classic&quot;,&quot;background_motion_fx_motion_fx_scrolling&quot;:&quot;yes&quot;,&quot;background_motion_fx_translateY_effect&quot;:&quot;yes&quot;,&quot;background_motion_fx_translateY_speed&quot;:{&quot;unit&quot;:&quot;px&quot;,&quot;size&quot;:2,&quot;sizes&quot;:[]},&quot;background_motion_fx_devices&quot;:[&quot;tablet&quot;,&quot;desktop&quot;],&quot;shape_divider_bottom&quot;:&quot;lakit-shape-10&quot;,&quot;shape_divider_bottom_negative&quot;:&quot;yes&quot;,&quot;background_motion_fx_translateY_affectedRange&quot;:{&quot;unit&quot;:&quot;%&quot;,&quot;size&quot;:&quot;&quot;,&quot;sizes&quot;:{&quot;start&quot;:0,&quot;end&quot;:100}}}\">\n\t\t\t\t\t<div class=\"e-con-inner\">\n\t\t\t\t<div class=\"elementor-shape elementor-shape-bottom\" aria-hidden=\"true\" data-negative=\"true\">\n\t\t\t<svg xmlns=\"http:\/\/www.w3.org\/2000\/svg\" preserveAspectRatio=\"none\" viewBox=\"0 0 1514 45\">\n    <path class=\"elementor-shape-fill\" fill=\"#000\" d=\"M1514 22.429s-114 50.465-526.5 0-987.5 0-987.5 0V45h1514V22.429Z\"\/>\n<\/svg>\t\t<\/div>\n\t\t\t\t<div class=\"elementor-element elementor-element-0057ece hero elementor-widget-tablet__width-initial elementor-widget elementor-widget-heading\" data-id=\"0057ece\" data-element_type=\"widget\" data-e-type=\"widget\" data-widget_type=\"heading.default\">\n\t\t\t\t\t<h1 class=\"elementor-heading-title elementor-size-default\"><span class=\"tx\">Transparencia<\/span><\/h1>\t\t\t\t<\/div>\n\t\t\t\t\t<\/div>\n\t\t\t\t<\/div>\n\t\t<div class=\"elementor-element elementor-element-ec4d17f e-flex e-con-boxed lakit-col-width-auto-no e-container e-root-container elementor-top-section e-con e-parent\" data-id=\"ec4d17f\" data-element_type=\"container\" data-e-type=\"container\">\n\t\t\t\t\t<div class=\"e-con-inner\">\n\t\t\t\t<div class=\"elementor-element elementor-element-e340782 balanced elementor-widget elementor-widget-text-editor\" data-id=\"e340782\" data-element_type=\"widget\" data-e-type=\"widget\" data-widget_type=\"text-editor.default\">\n\t\t\t\t\t\t\t\t\t<p>La transparencia institucional es la piedra angular de nuestra credibilidad. Para la Fundaci\u00f3n JYR 1961, esto implica una alineaci\u00f3n total con los valores del fundador, <b>Jos\u00e9 Antonio Piedra Trujillo<\/b>, cuya visi\u00f3n de un modelo de vida asociado a un prop\u00f3sito solidario impregna cada art\u00edculo de nuestros estatutos. Proyectamos una gesti\u00f3n de vanguardia donde la sensibilidad humanista se une al rigor administrativo.<\/p>\t\t\t\t\t\t\t\t<\/div>\n\t\t\t\t\t<\/div>\n\t\t\t\t<\/div>\n\t\t<div class=\"elementor-element elementor-element-baa863c e-flex e-con-boxed lakit-col-width-auto-no e-container e-root-container elementor-top-section e-con e-parent\" data-id=\"baa863c\" data-element_type=\"container\" data-e-type=\"container\">\n\t\t\t\t\t<div class=\"e-con-inner\">\n\t\t\t\t<div class=\"elementor-element elementor-element-a17b384 balanced elementor-invisible elementor-widget elementor-widget-heading\" data-id=\"a17b384\" data-element_type=\"widget\" data-e-type=\"widget\" data-settings=\"{&quot;_animation&quot;:&quot;lakitFoldDown&quot;,&quot;_animation_delay&quot;:200}\" data-widget_type=\"heading.default\">\n\t\t\t\t\t<h2 class=\"elementor-heading-title elementor-size-default\">Compromiso institucional<\/h2>\t\t\t\t<\/div>\n\t\t\t\t<div class=\"elementor-element elementor-element-cf32123 elementor-widget__width-initial elementor-widget elementor-widget-image\" data-id=\"cf32123\" data-element_type=\"widget\" data-e-type=\"widget\" data-widget_type=\"image.default\">\n\t\t\t\t\t\t\t\t\t\t\t\t\t\t\t<img decoding=\"async\" width=\"232\" height=\"59\" src=\"https:\/\/proyecto115.adgencypixel.com\/wp-content\/uploads\/2026\/03\/gw-svg-a-1.png\" class=\"attachment-full size-full wp-image-3440\" alt=\"\" \/>\t\t\t\t\t\t\t\t\t\t\t\t\t\t\t<\/div>\n\t\t\t\t<div class=\"elementor-element elementor-element-754744b elementor-widget__width-inherit elementor-widget elementor-widget-text-editor\" data-id=\"754744b\" data-element_type=\"widget\" data-e-type=\"widget\" data-widget_type=\"text-editor.default\">\n\t\t\t\t\t\t\t\t\t<p data-start=\"459\" data-end=\"759\">La fundaci\u00f3n opera bajo criterios de cumplimiento normativo, seguridad jur\u00eddica y eficiencia administrativa. En aplicaci\u00f3n de la Ley 39\/2015, mantiene una relaci\u00f3n exclusivamente electr\u00f3nica con las Administraciones P\u00fablicas, gestionando sus notificaciones y tr\u00e1mites a trav\u00e9s de la Sede Electr\u00f3nica.<\/p><p data-start=\"761\" data-end=\"1162\">Nuestra misi\u00f3n une excelencia acad\u00e9mica y formaci\u00f3n en valores \u00e9ticos. Seg\u00fan el art\u00edculo 2 de los Estatutos, los fines de la fundaci\u00f3n incluyen la formaci\u00f3n acad\u00e9mica, integral y cultural de personas extranjeras con bajo nivel econ\u00f3mico, social y cultural, el apoyo t\u00e9cnico, el impulso del emprendimiento y la creaci\u00f3n de un circuito de formaci\u00f3n y colaboraci\u00f3n capaz de retroalimentarse en el tiempo.<\/p><p data-start=\"1164\" data-end=\"1249\">Todo ello responde a una misma visi\u00f3n: transformar el mundo con <strong data-start=\"1228\" data-end=\"1248\">Cabeza y Coraz\u00f3n<\/strong>.<\/p>\t\t\t\t\t\t\t\t<\/div>\n\t\t\t\t\t<\/div>\n\t\t\t\t<\/div>\n\t\t<div class=\"elementor-element elementor-element-138b0d2 e-flex e-con-boxed lakit-col-width-auto-no e-container e-root-container elementor-top-section e-con e-parent\" data-id=\"138b0d2\" data-element_type=\"container\" data-e-type=\"container\">\n\t\t\t\t\t<div class=\"e-con-inner\">\n\t\t\t\t<div class=\"elementor-element elementor-element-55b514c balanced elementor-invisible elementor-widget elementor-widget-heading\" data-id=\"55b514c\" data-element_type=\"widget\" data-e-type=\"widget\" data-settings=\"{&quot;_animation&quot;:&quot;lakitFoldDown&quot;,&quot;_animation_delay&quot;:200}\" data-widget_type=\"heading.default\">\n\t\t\t\t\t<h2 class=\"elementor-heading-title elementor-size-default\">Estatutos<\/h2>\t\t\t\t<\/div>\n\t\t\t\t<div class=\"elementor-element elementor-element-fc7f257 elementor-widget__width-initial elementor-widget elementor-widget-image\" data-id=\"fc7f257\" data-element_type=\"widget\" data-e-type=\"widget\" data-widget_type=\"image.default\">\n\t\t\t\t\t\t\t\t\t\t\t\t\t\t\t<img decoding=\"async\" width=\"232\" height=\"59\" src=\"https:\/\/proyecto115.adgencypixel.com\/wp-content\/uploads\/2026\/03\/gw-svg-a-1.png\" class=\"attachment-full size-full wp-image-3440\" alt=\"\" \/>\t\t\t\t\t\t\t\t\t\t\t\t\t\t\t<\/div>\n\t\t\t\t<div class=\"elementor-element elementor-element-515674a elementor-widget__width-inherit elementor-widget elementor-widget-text-editor\" data-id=\"515674a\" data-element_type=\"widget\" data-e-type=\"widget\" data-widget_type=\"text-editor.default\">\n\t\t\t\t\t\t\t\t\t<p data-start=\"459\" data-end=\"759\">[POR DEFINIR]<\/p><p data-start=\"1164\" data-end=\"1249\">\u00a0<\/p>\t\t\t\t\t\t\t\t<\/div>\n\t\t\t\t\t<\/div>\n\t\t\t\t<\/div>\n\t\t<div class=\"elementor-element elementor-element-1249482 e-flex e-con-boxed lakit-col-width-auto-no e-container e-root-container elementor-top-section e-con e-parent\" data-id=\"1249482\" data-element_type=\"container\" data-e-type=\"container\">\n\t\t\t\t\t<div class=\"e-con-inner\">\n\t\t\t\t<div class=\"elementor-element elementor-element-6064e29 elementor-widget__width-initial balanced elementor-invisible elementor-widget elementor-widget-heading\" data-id=\"6064e29\" data-element_type=\"widget\" data-e-type=\"widget\" data-settings=\"{&quot;_animation&quot;:&quot;lakitFoldDown&quot;,&quot;_animation_delay&quot;:200}\" data-widget_type=\"heading.default\">\n\t\t\t\t\t<h2 class=\"elementor-heading-title elementor-size-default\">Informaci\u00f3n Corporativa y Directorio<\/h2>\t\t\t\t<\/div>\n\t\t\t\t<div class=\"elementor-element elementor-element-29496fc elementor-widget__width-initial elementor-widget elementor-widget-image\" data-id=\"29496fc\" data-element_type=\"widget\" data-e-type=\"widget\" data-widget_type=\"image.default\">\n\t\t\t\t\t\t\t\t\t\t\t\t\t\t\t<img decoding=\"async\" width=\"232\" height=\"59\" src=\"https:\/\/proyecto115.adgencypixel.com\/wp-content\/uploads\/2026\/03\/gw-svg-a-1.png\" class=\"attachment-full size-full wp-image-3440\" alt=\"\" \/>\t\t\t\t\t\t\t\t\t\t\t\t\t\t\t<\/div>\n\t\t\t\t<div class=\"elementor-element elementor-element-ca1c13f elementor-widget__width-initial elementor-widget elementor-widget-text-editor\" data-id=\"ca1c13f\" data-element_type=\"widget\" data-e-type=\"widget\" data-widget_type=\"text-editor.default\">\n\t\t\t\t\t\t\t\t\t<p>Para garantizar la seguridad jur\u00eddica y la eficiencia administrativa, la Fundaci\u00f3n JYR 1961 opera bajo los m\u00e1s altos est\u00e1ndares de modernidad y cumplimiento normativo.<\/p><p><strong>Ficha T\u00e9cnica de Legitimidad<\/strong><\/p><ul><li><strong>Denominaci\u00f3n:<\/strong> Fundaci\u00f3n JYR 1961.<\/li><li><strong>NIF Definitivo:<\/strong> G10992881 (Expedido el 08-11-2022).<\/li><li><strong>Escritura P\u00fablica:<\/strong> N\u00famero 3863, otorgada el 26 de julio de 2022.<\/li><li style=\"list-style-type: none;\">\u00a0<\/li><\/ul><p><strong>Directorio del Patronato (Cargos Vitalicios):<\/strong><\/p><ul><li><strong>Presidente:<\/strong> Jos\u00e9 Antonio Piedra Trujillo.<\/li><li><strong>Vocal \/ Vicepresidenta:<\/strong> Do\u00f1a Mar\u00eda del Carmen Fern\u00e1ndez Luque.<\/li><li><strong>Secretaria:<\/strong> Do\u00f1a Silvia Piedra Fern\u00e1ndez.<\/li><\/ul><p>\u00a0<\/p><p><strong>Datos de Contacto:<\/strong><\/p><ul><li><strong>Sede Social:<\/strong> Calle Poeta Juan Ram\u00f3n Jim\u00e9nez, 2 (Esquina con Avenida del Brillante, 89), 14012, C\u00f3rdoba, Espa\u00f1a.<\/li><li><p><b>Tel\u00e9fono: <\/b>636692176<\/p><\/li><\/ul><p>\u00a0<\/p><p><strong>Cumplimiento Legal y Notificaciones:<\/strong> En estricto cumplimiento de la <strong>Ley 39\/2015<\/strong>, la Fundaci\u00f3n JYR 1961 mantiene una <strong>relaci\u00f3n exclusivamente electr\u00f3nica<\/strong> con las Administraciones P\u00fablicas. Todas nuestras notificaciones y tr\u00e1mites se gestionan a trav\u00e9s de la Sede Electr\u00f3nica, garantizando una administraci\u00f3n \u00e1gil, moderna y totalmente transparente.<\/p>\t\t\t\t\t\t\t\t<\/div>\n\t\t\t\t\t<\/div>\n\t\t\t\t<\/div>\n\t\t<div class=\"elementor-element elementor-element-1dc5787 e-flex e-con-boxed lakit-col-width-auto-no e-container e-root-container elementor-top-section e-con e-parent\" data-id=\"1dc5787\" data-element_type=\"container\" data-e-type=\"container\">\n\t\t\t\t\t<div class=\"e-con-inner\">\n\t\t\t\t<div class=\"elementor-element elementor-element-6b94bc3 balanced elementor-widget elementor-widget-heading\" data-id=\"6b94bc3\" data-element_type=\"widget\" data-e-type=\"widget\" data-widget_type=\"heading.default\">\n\t\t\t\t\t<h2 class=\"elementor-heading-title elementor-size-default\">Esta base jur\u00eddica s\u00f3lida es la que permite que nuestra visi\u00f3n se traduzca en proyectos tangibles y de largo alcance.<\/h2>\t\t\t\t<\/div>\n\t\t\t\t\t<\/div>\n\t\t\t\t<\/div>\n\t\t\t\t<\/div>\n\t\t","protected":false},"excerpt":{"rendered":"<p>Transparencia La transparencia institucional es la piedra angular de nuestra credibilidad. Para la Fundaci\u00f3n JYR 1961, esto implica una alineaci\u00f3n total con los valores del fundador, Jos\u00e9 Antonio Piedra Trujillo, cuya visi\u00f3n de un modelo de vida asociado a un prop\u00f3sito solidario impregna cada art\u00edculo de nuestros estatutos. Proyectamos una&hellip;<\/p>\n","protected":false},"author":1,"featured_media":0,"parent":0,"menu_order":0,"comment_status":"closed","ping_status":"closed","template":"","meta":{"give_campaign_id":0,"footnotes":""},"class_list":["post-3744","page","type-page","status-publish","hentry"],"campaignId":"","_links":{"self":[{"href":"https:\/\/proyecto115.adgencypixel.com\/index.php\/wp-json\/wp\/v2\/pages\/3744","targetHints":{"allow":["GET"]}}],"collection":[{"href":"https:\/\/proyecto115.adgencypixel.com\/index.php\/wp-json\/wp\/v2\/pages"}],"about":[{"href":"https:\/\/proyecto115.adgencypixel.com\/index.php\/wp-json\/wp\/v2\/types\/page"}],"author":[{"embeddable":true,"href":"https:\/\/proyecto115.adgencypixel.com\/index.php\/wp-json\/wp\/v2\/users\/1"}],"replies":[{"embeddable":true,"href":"https:\/\/proyecto115.adgencypixel.com\/index.php\/wp-json\/wp\/v2\/comments?post=3744"}],"version-history":[{"count":33,"href":"https:\/\/proyecto115.adgencypixel.com\/index.php\/wp-json\/wp\/v2\/pages\/3744\/revisions"}],"predecessor-version":[{"id":4228,"href":"https:\/\/proyecto115.adgencypixel.com\/index.php\/wp-json\/wp\/v2\/pages\/3744\/revisions\/4228"}],"wp:attachment":[{"href":"https:\/\/proyecto115.adgencypixel.com\/index.php\/wp-json\/wp\/v2\/media?parent=3744"}],"curies":[{"name":"wp","href":"https:\/\/api.w.org\/{rel}","templated":true}]}}

<div data-elementor-type="wp-page" data-elementor-id="3744" class="elementor elementor-3744" data-elementor-post-type="page">
				<div class="elementor-element elementor-element-ddfdf2d e-flex e-con-boxed lakit-col-width-auto-no e-container e-root-container elementor-top-section e-con e-parent" data-id="ddfdf2d" data-element_type="container" data-e-type="container" data-settings="{&quot;background_background&quot;:&quot;classic&quot;,&quot;background_motion_fx_motion_fx_scrolling&quot;:&quot;yes&quot;,&quot;background_motion_fx_translateY_effect&quot;:&quot;yes&quot;,&quot;background_motion_fx_translateY_speed&quot;:{&quot;unit&quot;:&quot;px&quot;,&quot;size&quot;:2,&quot;sizes&quot;:[]},&quot;background_motion_fx_devices&quot;:[&quot;tablet&quot;,&quot;desktop&quot;],&quot;shape_divider_bottom&quot;:&quot;lakit-shape-10&quot;,&quot;shape_divider_bottom_negative&quot;:&quot;yes&quot;,&quot;background_motion_fx_translateY_affectedRange&quot;:{&quot;unit&quot;:&quot;%&quot;,&quot;size&quot;:&quot;&quot;,&quot;sizes&quot;:{&quot;start&quot;:0,&quot;end&quot;:100}}}">
					<div class="e-con-inner">
				<div class="elementor-shape elementor-shape-bottom" aria-hidden="true" data-negative="true">
			<svg xmlns="http://www.w3.org/2000/svg" preserveAspectRatio="none" viewBox="0 0 1514 45">
    <path class="elementor-shape-fill" fill="#000" d="M1514 22.429s-114 50.465-526.5 0-987.5 0-987.5 0V45h1514V22.429Z"/>
</svg>		</div>
				<div class="elementor-element elementor-element-0057ece hero elementor-widget-tablet__width-initial elementor-widget elementor-widget-heading" data-id="0057ece" data-element_type="widget" data-e-type="widget" data-widget_type="heading.default">
					<h1 class="elementor-heading-title elementor-size-default"><span class="tx">Transparencia</span></h1>				</div>
					</div>
				</div>
		<div class="elementor-element elementor-element-ec4d17f e-flex e-con-boxed lakit-col-width-auto-no e-container e-root-container elementor-top-section e-con e-parent" data-id="ec4d17f" data-element_type="container" data-e-type="container">
					<div class="e-con-inner">
				<div class="elementor-element elementor-element-e340782 balanced elementor-widget elementor-widget-text-editor" data-id="e340782" data-element_type="widget" data-e-type="widget" data-widget_type="text-editor.default">
									<p>La transparencia institucional es la piedra angular de nuestra credibilidad. Para la Fundación JYR 1961, esto implica una alineación total con los valores del fundador, <b>José Antonio Piedra Trujillo</b>, cuya visión de un modelo de vida asociado a un propósito solidario impregna cada artículo de nuestros estatutos. Proyectamos una gestión de vanguardia donde la sensibilidad humanista se une al rigor administrativo.</p>								</div>
					</div>
				</div>
		<div class="elementor-element elementor-element-baa863c e-flex e-con-boxed lakit-col-width-auto-no e-container e-root-container elementor-top-section e-con e-parent" data-id="baa863c" data-element_type="container" data-e-type="container">
					<div class="e-con-inner">
				<div class="elementor-element elementor-element-a17b384 balanced elementor-invisible elementor-widget elementor-widget-heading" data-id="a17b384" data-element_type="widget" data-e-type="widget" data-settings="{&quot;_animation&quot;:&quot;lakitFoldDown&quot;,&quot;_animation_delay&quot;:200}" data-widget_type="heading.default">
					<h2 class="elementor-heading-title elementor-size-default">Compromiso institucional</h2>				</div>
				<div class="elementor-element elementor-element-cf32123 elementor-widget__width-initial elementor-widget elementor-widget-image" data-id="cf32123" data-element_type="widget" data-e-type="widget" data-widget_type="image.default">
															<img decoding="async" width="232" height="59" src="https://proyecto115.adgencypixel.com/wp-content/uploads/2026/03/gw-svg-a-1.png" class="attachment-full size-full wp-image-3440" alt="" />															</div>
				<div class="elementor-element elementor-element-754744b elementor-widget__width-inherit elementor-widget elementor-widget-text-editor" data-id="754744b" data-element_type="widget" data-e-type="widget" data-widget_type="text-editor.default">
									<p data-start="459" data-end="759">La fundación opera bajo criterios de cumplimiento normativo, seguridad jurídica y eficiencia administrativa. En aplicación de la Ley 39/2015, mantiene una relación exclusivamente electrónica con las Administraciones Públicas, gestionando sus notificaciones y trámites a través de la Sede Electrónica.</p><p data-start="761" data-end="1162">Nuestra misión une excelencia académica y formación en valores éticos. Según el artículo 2 de los Estatutos, los fines de la fundación incluyen la formación académica, integral y cultural de personas extranjeras con bajo nivel económico, social y cultural, el apoyo técnico, el impulso del emprendimiento y la creación de un circuito de formación y colaboración capaz de retroalimentarse en el tiempo.</p><p data-start="1164" data-end="1249">Todo ello responde a una misma visión: transformar el mundo con <strong data-start="1228" data-end="1248">Cabeza y Corazón</strong>.</p>								</div>
					</div>
				</div>
		<div class="elementor-element elementor-element-138b0d2 e-flex e-con-boxed lakit-col-width-auto-no e-container e-root-container elementor-top-section e-con e-parent" data-id="138b0d2" data-element_type="container" data-e-type="container">
					<div class="e-con-inner">
				<div class="elementor-element elementor-element-55b514c balanced elementor-invisible elementor-widget elementor-widget-heading" data-id="55b514c" data-element_type="widget" data-e-type="widget" data-settings="{&quot;_animation&quot;:&quot;lakitFoldDown&quot;,&quot;_animation_delay&quot;:200}" data-widget_type="heading.default">
					<h2 class="elementor-heading-title elementor-size-default">Estatutos</h2>				</div>
				<div class="elementor-element elementor-element-fc7f257 elementor-widget__width-initial elementor-widget elementor-widget-image" data-id="fc7f257" data-element_type="widget" data-e-type="widget" data-widget_type="image.default">
															<img decoding="async" width="232" height="59" src="https://proyecto115.adgencypixel.com/wp-content/uploads/2026/03/gw-svg-a-1.png" class="attachment-full size-full wp-image-3440" alt="" />															</div>
				<div class="elementor-element elementor-element-515674a elementor-widget__width-inherit elementor-widget elementor-widget-text-editor" data-id="515674a" data-element_type="widget" data-e-type="widget" data-widget_type="text-editor.default">
									<p data-start="459" data-end="759">[POR DEFINIR]</p><p data-start="1164" data-end="1249"> </p>								</div>
					</div>
				</div>
		<div class="elementor-element elementor-element-1249482 e-flex e-con-boxed lakit-col-width-auto-no e-container e-root-container elementor-top-section e-con e-parent" data-id="1249482" data-element_type="container" data-e-type="container">
					<div class="e-con-inner">
				<div class="elementor-element elementor-element-6064e29 elementor-widget__width-initial balanced elementor-invisible elementor-widget elementor-widget-heading" data-id="6064e29" data-element_type="widget" data-e-type="widget" data-settings="{&quot;_animation&quot;:&quot;lakitFoldDown&quot;,&quot;_animation_delay&quot;:200}" data-widget_type="heading.default">
					<h2 class="elementor-heading-title elementor-size-default">Información Corporativa y Directorio</h2>				</div>
				<div class="elementor-element elementor-element-29496fc elementor-widget__width-initial elementor-widget elementor-widget-image" data-id="29496fc" data-element_type="widget" data-e-type="widget" data-widget_type="image.default">
															<img decoding="async" width="232" height="59" src="https://proyecto115.adgencypixel.com/wp-content/uploads/2026/03/gw-svg-a-1.png" class="attachment-full size-full wp-image-3440" alt="" />															</div>
				<div class="elementor-element elementor-element-ca1c13f elementor-widget__width-initial elementor-widget elementor-widget-text-editor" data-id="ca1c13f" data-element_type="widget" data-e-type="widget" data-widget_type="text-editor.default">
									<p>Para garantizar la seguridad jurídica y la eficiencia administrativa, la Fundación JYR 1961 opera bajo los más altos estándares de modernidad y cumplimiento normativo.</p><p><strong>Ficha Técnica de Legitimidad</strong></p><ul><li><strong>Denominación:</strong> Fundación JYR 1961.</li><li><strong>NIF Definitivo:</strong> G10992881 (Expedido el 08-11-2022).</li><li><strong>Escritura Pública:</strong> Número 3863, otorgada el 26 de julio de 2022.</li><li style="list-style-type: none;"> </li></ul><p><strong>Directorio del Patronato (Cargos Vitalicios):</strong></p><ul><li><strong>Presidente:</strong> José Antonio Piedra Trujillo.</li><li><strong>Vocal / Vicepresidenta:</strong> Doña María del Carmen Fernández Luque.</li><li><strong>Secretaria:</strong> Doña Silvia Piedra Fernández.</li></ul><p> </p><p><strong>Datos de Contacto:</strong></p><ul><li><strong>Sede Social:</strong> Calle Poeta Juan Ramón Jiménez, 2 (Esquina con Avenida del Brillante, 89), 14012, Córdoba, España.</li><li><p><b>Teléfono: </b>636692176</p></li></ul><p> </p><p><strong>Cumplimiento Legal y Notificaciones:</strong> En estricto cumplimiento de la <strong>Ley 39/2015</strong>, la Fundación JYR 1961 mantiene una <strong>relación exclusivamente electrónica</strong> con las Administraciones Públicas. Todas nuestras notificaciones y trámites se gestionan a través de la Sede Electrónica, garantizando una administración ágil, moderna y totalmente transparente.</p>								</div>
					</div>
				</div>
		<div class="elementor-element elementor-element-1dc5787 e-flex e-con-boxed lakit-col-width-auto-no e-container e-root-container elementor-top-section e-con e-parent" data-id="1dc5787" data-element_type="container" data-e-type="container">
					<div class="e-con-inner">
				<div class="elementor-element elementor-element-6b94bc3 balanced elementor-widget elementor-widget-heading" data-id="6b94bc3" data-element_type="widget" data-e-type="widget" data-widget_type="heading.default">
					<h2 class="elementor-heading-title elementor-size-default">Esta base jurídica sólida es la que permite que nuestra visión se traduzca en proyectos tangibles y de largo alcance.</h2>				</div>
					</div>
				</div>
				</div>

<p>Transparencia La transparencia institucional es la piedra angular de nuestra credibilidad. Para la Fundación JYR 1961, esto implica una alineación total con los valores del fundador, José Antonio Piedra Trujillo, cuya visión de un modelo de vida asociado a un propósito solidario impregna cada artículo de nuestros estatutos. Proyectamos una&hellip;</p>
